{"id":153,"date":"2022-11-13T16:58:35","date_gmt":"2022-11-13T16:58:35","guid":{"rendered":"https:\/\/hajasaudeemum.wordpress.com\/?page_id=153"},"modified":"2022-11-13T16:58:35","modified_gmt":"2022-11-13T16:58:35","slug":"parceiros","status":"publish","type":"page","link":"https:\/\/hajasaude.alumnimedicina.com\/index.php\/parceiros\/","title":{"rendered":"Parceiros"},"content":{"rendered":"\n<div class=\"wp-block-group alignfull is-layout-constrained\" style=\"padding-top:100px;padding-bottom:100px\"><div class=\"wp-block-group__inner-container\">\n<div class=\"wp-block-columns alignwide is-layout-flex wp-container-7\">\n<div class=\"wp-block-column is-layout-flow\"><div class=\"wp-block-image is-style-rounded\">\n<figure class=\"aligncenter size-medium\"><img decoding=\"async\" loading=\"lazy\" width=\"476\" height=\"476\" src=\"http:\/\/64.227.103.93\/wp-content\/uploads\/2023\/04\/291772894_441691637967037_3646094082869844753_n-2.jpg?w=300\" alt=\"\" class=\"wp-image-476\" srcset=\"https:\/\/hajasaude.alumnimedicina.com\/wp-content\/uploads\/2023\/04\/291772894_441691637967037_3646094082869844753_n-2.jpg 476w, https:\/\/hajasaude.alumnimedicina.com\/wp-content\/uploads\/2023\/04\/291772894_441691637967037_3646094082869844753_n-2-300x300.jpg 300w, https:\/\/hajasaude.alumnimedicina.com\/wp-content\/uploads\/2023\/04\/291772894_441691637967037_3646094082869844753_n-2-150x150.jpg 150w\" sizes=\"(max-width: 476px) 100vw, 476px\" \/><\/figure><\/div>\n\n\n<div class=\"wp-block-group is-layout-flow\"><div class=\"wp-block-group__inner-container\">\n<p class=\"has-text-align-center has-ast-global-color-3-color has-text-color\"><strong>Escola de Medicina da Universidade do Minho<\/strong><\/p>\n<\/div><\/div>\n<\/div>\n\n\n\n<div class=\"wp-block-column is-layout-flow\">\n<div class=\"wp-block-group is-layout-flow\"><div class=\"wp-block-group__inner-container\"><div class=\"wp-block-image is-style-rounded\">\n<figure class=\"aligncenter size-medium\"><img decoding=\"async\" loading=\"lazy\" width=\"400\" height=\"400\" src=\"http:\/\/64.227.103.93\/wp-content\/uploads\/2023\/04\/logo-1.png?w=300\" alt=\"\" class=\"wp-image-477\" srcset=\"https:\/\/hajasaude.alumnimedicina.com\/wp-content\/uploads\/2023\/04\/logo-1.png 400w, https:\/\/hajasaude.alumnimedicina.com\/wp-content\/uploads\/2023\/04\/logo-1-300x300.png 300w, https:\/\/hajasaude.alumnimedicina.com\/wp-content\/uploads\/2023\/04\/logo-1-150x150.png 150w\" sizes=\"(max-width: 400px) 100vw, 400px\" \/><\/figure><\/div>\n\n\n<p class=\"has-text-align-center has-ast-global-color-3-color has-text-color\"><strong><em>Alumni<\/em> Medicina<\/strong><\/p>\n<\/div><\/div>\n<\/div>\n\n\n\n<div class=\"wp-block-column is-layout-flow\">\n<div class=\"wp-block-group is-layout-flow\"><div class=\"wp-block-group__inner-container\"><div class=\"wp-block-image is-style-rounded\">\n<figure class=\"aligncenter size-medium\"><img decoding=\"async\" loading=\"lazy\" width=\"570\" height=\"588\" src=\"http:\/\/64.227.103.93\/wp-content\/uploads\/2023\/04\/tuna-medicina-3-570.jpg?w=291\" alt=\"\" class=\"wp-image-462\" srcset=\"https:\/\/hajasaude.alumnimedicina.com\/wp-content\/uploads\/2023\/04\/tuna-medicina-3-570.jpg 570w, https:\/\/hajasaude.alumnimedicina.com\/wp-content\/uploads\/2023\/04\/tuna-medicina-3-570-291x300.jpg 291w\" sizes=\"(max-width: 570px) 100vw, 570px\" \/><\/figure><\/div>\n\n\n<p class=\"has-text-align-center has-ast-global-color-3-color has-text-color\"><strong>Tuna de Medicina da Universidade do Minho<\/strong><\/p>\n<\/div><\/div>\n<\/div>\n<\/div>\n<\/div><\/div>\n\n\n\n<div class=\"wp-block-group alignfull is-layout-constrained\" style=\"padding-top:100px;padding-bottom:100px\"><div class=\"wp-block-group__inner-container\">\n<div class=\"wp-block-columns alignwide is-layout-flex wp-container-13\">\n<div class=\"wp-block-column is-layout-flow\">\n<div class=\"wp-block-group is-layout-flow\"><div class=\"wp-block-group__inner-container\"><div class=\"wp-block-image is-style-rounded\">\n<figure class=\"aligncenter size-medium\"><img decoding=\"async\" loading=\"lazy\" width=\"680\" height=\"680\" src=\"http:\/\/64.227.103.93\/wp-content\/uploads\/2023\/04\/pn-gg.jpg?w=300\" alt=\"\" class=\"wp-image-478\" srcset=\"https:\/\/hajasaude.alumnimedicina.com\/wp-content\/uploads\/2023\/04\/pn-gg.jpg 680w, https:\/\/hajasaude.alumnimedicina.com\/wp-content\/uploads\/2023\/04\/pn-gg-300x300.jpg 300w, https:\/\/hajasaude.alumnimedicina.com\/wp-content\/uploads\/2023\/04\/pn-gg-150x150.jpg 150w\" sizes=\"(max-width: 680px) 100vw, 680px\" \/><\/figure><\/div>\n\n\n<p class=\"has-text-align-center has-ast-global-color-3-color has-text-color\"><strong>Associa\u00e7\u00e3o de Voluntariado Porta Nova<\/strong><\/p>\n<\/div><\/div>\n<\/div>\n\n\n\n<div class=\"wp-block-column is-layout-flow\">\n<div class=\"wp-block-group is-layout-flow\"><div class=\"wp-block-group__inner-container\"><div class=\"wp-block-image is-style-rounded\">\n<figure class=\"aligncenter size-medium\"><img decoding=\"async\" loading=\"lazy\" width=\"319\" height=\"319\" src=\"http:\/\/64.227.103.93\/wp-content\/uploads\/2023\/04\/jjj.jpg?w=300\" alt=\"\" class=\"wp-image-480\" srcset=\"https:\/\/hajasaude.alumnimedicina.com\/wp-content\/uploads\/2023\/04\/jjj.jpg 319w, https:\/\/hajasaude.alumnimedicina.com\/wp-content\/uploads\/2023\/04\/jjj-300x300.jpg 300w, https:\/\/hajasaude.alumnimedicina.com\/wp-content\/uploads\/2023\/04\/jjj-150x150.jpg 150w\" sizes=\"(max-width: 319px) 100vw, 319px\" \/><\/figure><\/div>\n\n\n<p class=\"has-text-align-center has-ast-global-color-3-color has-text-color\"><strong>N\u00facleo de Estudantes da Escola de Medicina<\/strong><\/p>\n<\/div><\/div>\n<\/div>\n<\/div>\n<\/div><\/div>\n","protected":false},"excerpt":{"rendered":"<p>Escola de Medicina da Universidade do Minho Alumni Medicina Tuna de Medicina da Universidade do Minho Associa\u00e7\u00e3o de Voluntariado Porta Nova N\u00facleo de Estudantes da Escola de Medicina<\/p>\n","protected":false},"author":1,"featured_media":0,"parent":0,"menu_order":0,"comment_status":"closed","ping_status":"closed","template":"","meta":[],"jetpack_sharing_enabled":true,"_links":{"self":[{"href":"https:\/\/hajasaude.alumnimedicina.com\/index.php\/wp-json\/wp\/v2\/pages\/153"}],"collection":[{"href":"https:\/\/hajasaude.alumnimedicina.com\/index.php\/wp-json\/wp\/v2\/pages"}],"about":[{"href":"https:\/\/hajasaude.alumnimedicina.com\/index.php\/wp-json\/wp\/v2\/types\/page"}],"author":[{"embeddable":true,"href":"https:\/\/hajasaude.alumnimedicina.com\/index.php\/wp-json\/wp\/v2\/users\/1"}],"replies":[{"embeddable":true,"href":"https:\/\/hajasaude.alumnimedicina.com\/index.php\/wp-json\/wp\/v2\/comments?post=153"}],"version-history":[{"count":0,"href":"https:\/\/hajasaude.alumnimedicina.com\/index.php\/wp-json\/wp\/v2\/pages\/153\/revisions"}],"wp:attachment":[{"href":"https:\/\/hajasaude.alumnimedicina.com\/index.php\/wp-json\/wp\/v2\/media?parent=153"}],"curies":[{"name":"wp","href":"https:\/\/api.w.org\/{rel}","templated":true}]}}