{"id":224,"date":"2022-11-13T18:06:35","date_gmt":"2022-11-13T18:06:35","guid":{"rendered":"https:\/\/hajasaudeemum.wordpress.com\/?page_id=224"},"modified":"2022-11-13T18:06:35","modified_gmt":"2022-11-13T18:06:35","slug":"contactos-2","status":"publish","type":"page","link":"https:\/\/hajasaude.alumnimedicina.com\/index.php\/contactos-2\/","title":{"rendered":"Contactos"},"content":{"rendered":"\n<div class=\"wp-block-group alignfull is-layout-constrained\" style=\"margin-top:0px;margin-bottom:0px;padding-top:7vw;padding-bottom:7vw\"><div class=\"wp-block-group__inner-container\">\n<div class=\"wp-block-columns alignwide is-layout-flex wp-container-5\">\n<div class=\"wp-block-column is-vertically-aligned-top is-layout-flow\" style=\"flex-basis:33.33%\">\n<div class=\"wp-block-group is-layout-flow\"><div class=\"wp-block-group__inner-container\">\n<p class=\"has-small-font-size\" style=\"font-style:normal;font-weight:700;line-height:1.6\">Endere\u00e7o:<\/p>\n\n\n\n<p>Escola de Medicina<\/p>\n\n\n\n<p>Universidade do Minho, Campus de Gualtar <\/p>\n\n\n\n<p>4710-057, Braga<\/p>\n<\/div><\/div>\n\n\n\n<div class=\"wp-block-group is-layout-flow\"><div class=\"wp-block-group__inner-container\">\n<p class=\"has-small-font-size\" style=\"font-style:normal;font-weight:700;line-height:1.6\">Email:<\/p>\n\n\n\n<p class=\"has-small-font-size\" style=\"line-height:1.6\">hajasaude@nemum.com<\/p>\n\n\n\n<p class=\"has-small-font-size\" style=\"font-style:normal;font-weight:700;line-height:1.6\">Facebook: <\/p>\n\n\n\n<p><a href=\"https:\/\/www.facebook.com\/hajasaude.emum\">https:\/\/www.facebook.com\/hajasaude.emum<\/a><\/p>\n\n\n\n<p class=\"has-small-font-size\" style=\"font-style:normal;font-weight:700;line-height:1.6\">Instagram:<\/p>\n\n\n\n<p><a href=\"https:\/\/www.instagram.com\/hajasaude.emum\/\">https:\/\/www.instagram.com\/hajasaude.emum\/<\/a><\/p>\n\n\n\n<p class=\"has-small-font-size\" style=\"font-style:normal;font-weight:700;line-height:1.6\">Issuu:<\/p>\n\n\n\n<p><a href=\"https:\/\/issuu.com\/escolademedicina\">https:\/\/issuu.com\/escolademedicina<\/a><\/p>\n\n\n\n<p class=\"has-small-font-size\" style=\"font-style:normal;font-weight:700;line-height:1.6\">Youtube:<\/p>\n\n\n\n<p><a href=\"https:\/\/www.youtube.com\/channel\/UCW4wyHB8G90l8XpTWXohBMA\">https:\/\/www.youtube.com\/channel\/UCW4wyHB8G90l8XpTWXohBMA<\/a><\/p>\n<\/div><\/div>\n<\/div>\n\n\n\n<div class=\"wp-block-column is-layout-flow\" style=\"flex-basis:66.66%\">\n<div data-map-provider=\"mapbox\" data-api-key=\"\" class=\"wp-block-jetpack-map is-style-black_and_white\" data-map-style=\"black_and_white\" data-map-details=\"true\" data-points=\"[{&quot;placeTitle&quot;:&quot;Escola de Medicina&quot;,&quot;title&quot;:&quot;Escola de Medicina&quot;,&quot;caption&quot;:&quot;Escola de Medicina, Universidade do Minho, Braga, Braga 4710-330, Portugal&quot;,&quot;id&quot;:&quot;poi.1047972065082&quot;,&quot;coordinates&quot;:{&quot;longitude&quot;:-8.400842,&quot;latitude&quot;:41.563839}}]\" data-zoom=\"12\" data-map-center=\"{&quot;lng&quot;:-8.400842,&quot;lat&quot;:41.563839}\" data-marker-color=\"red\" data-map-height=\"400\" data-show-fullscreen-button=\"true\"><ul><li><a href=\"https:\/\/www.google.com\/maps\/search\/?api=1&amp;query=41.563839,-8.400842\">Escola de Medicina<\/a><\/li><\/ul><\/div>\n<\/div>\n<\/div>\n<\/div><\/div>\n\n\n\n<div class=\"wp-block-group alignfull has-text-color has-background is-layout-constrained\" style=\"color:#000000;background-color:#f8f9f9;padding-top:100px;padding-bottom:100px\"><div class=\"wp-block-group__inner-container\">\n<div class=\"wp-block-columns alignwide is-layout-flex wp-container-9\">\n<div class=\"wp-block-column is-layout-flow\" style=\"flex-basis:33.33%\">\n<h2 class=\"wp-block-heading\" style=\"margin-top:0px;font-size:53px;line-height:1.1\"><strong>Entre em contacto<\/strong><\/h2>\n\n\n\n<p style=\"line-height:1.65\">N\u00e3o hesites em contactar-nos se tiveres alguma d\u00favida ou sugest\u00e3o. <\/p>\n<\/div>\n\n\n\n<div class=\"wp-block-column is-layout-flow\" style=\"flex-basis:66.66%\"><div class=\"wp-block-jetpack-contact-form\"><a href=\"https:\/\/hajasaude.alumnimedicina.com\/index.php\/contactos-2\/\" target=\"_blank\" rel=\"noopener noreferrer\">Submit a form.<\/a><\/div><\/div>\n<\/div>\n<\/div><\/div>\n","protected":false},"excerpt":{"rendered":"<p>Endere\u00e7o: Escola de Medicina Universidade do Minho, Campus de Gualtar 4710-057, Braga Email: hajasaude@nemum.com Facebook: https:\/\/www.facebook.com\/hajasaude.emum Instagram: https:\/\/www.instagram.com\/hajasaude.emum\/ Issuu: https:\/\/issuu.com\/escolademedicina Youtube: https:\/\/www.youtube.com\/channel\/UCW4wyHB8G90l8XpTWXohBMA Entre em contacto N\u00e3o hesites em contactar-nos se tiveres alguma d\u00favida ou sugest\u00e3o.<\/p>\n","protected":false},"author":1,"featured_media":0,"parent":0,"menu_order":0,"comment_status":"closed","ping_status":"closed","template":"","meta":[],"jetpack_sharing_enabled":true,"_links":{"self":[{"href":"https:\/\/hajasaude.alumnimedicina.com\/index.php\/wp-json\/wp\/v2\/pages\/224"}],"collection":[{"href":"https:\/\/hajasaude.alumnimedicina.com\/index.php\/wp-json\/wp\/v2\/pages"}],"about":[{"href":"https:\/\/hajasaude.alumnimedicina.com\/index.php\/wp-json\/wp\/v2\/types\/page"}],"author":[{"embeddable":true,"href":"https:\/\/hajasaude.alumnimedicina.com\/index.php\/wp-json\/wp\/v2\/users\/1"}],"replies":[{"embeddable":true,"href":"https:\/\/hajasaude.alumnimedicina.com\/index.php\/wp-json\/wp\/v2\/comments?post=224"}],"version-history":[{"count":0,"href":"https:\/\/hajasaude.alumnimedicina.com\/index.php\/wp-json\/wp\/v2\/pages\/224\/revisions"}],"wp:attachment":[{"href":"https:\/\/hajasaude.alumnimedicina.com\/index.php\/wp-json\/wp\/v2\/media?parent=224"}],"curies":[{"name":"wp","href":"https:\/\/api.w.org\/{rel}","templated":true}]}}