{"id":34,"date":"2022-05-24T12:16:30","date_gmt":"2022-05-24T11:16:30","guid":{"rendered":"https:\/\/hajasaudeemum.wordpress.com\/?page_id=34"},"modified":"2022-05-24T12:16:30","modified_gmt":"2022-05-24T11:16:30","slug":"sobre","status":"publish","type":"page","link":"https:\/\/hajasaude.alumnimedicina.com\/index.php\/sobre\/","title":{"rendered":"Sobre"},"content":{"rendered":"\n<p>O HajaSa\u00fade! (HS!) \u00e9 um \u00f3rg\u00e3o medi\u00e1tico de estudantes de Medicina da Escola de Medicina da Universidade do Minho (EM-UM). <\/p>\n\n\n\n<p>Sendo uma sec\u00e7\u00e3o aut\u00f3noma que administra um conjunto de meios de media, marca presen\u00e7a em v\u00e1rias redes sociais e atrav\u00e9s de publica\u00e7\u00f5es f\u00edsicas de texto, visando articular e interligar informa\u00e7\u00e3o\/ideias\/objetivos provenientes dos seus atuais parceiros e veicular os mesmos junto da comunidade em que se constitua como alvo por parte dos mesmos.<\/p>\n\n\n\n<p>O meio de comunica\u00e7\u00e3o central do HS! \u00e9 a sua revista, cujo 1\u00ba n\u00famero foi publicado a 10 de Outubro de 2016, com o n\u00famero de autoriza\u00e7\u00e3o 126906 junto da Entidade Reguladora da Comunica\u00e7\u00e3o Social. Conjuntamente, acrescentam-se v\u00e1rias plataformas online.<\/p>\n\n\n\n<p>O HS! espera ter um papel determinante junto da opini\u00e3o p\u00fablica relativamente a assuntos relacionados, ou n\u00e3o, com a EM-UM, bem como incentivar e proporcionar o desenvolvimento do esp\u00edrito cr\u00edtico e criativo dos estudantes, comprometendo-se sempre com a liberdade de express\u00e3o.<\/p>\n","protected":false},"excerpt":{"rendered":"<p>O HajaSa\u00fade! (HS!) \u00e9 um \u00f3rg\u00e3o medi\u00e1tico de estudantes de Medicina da Escola de Medicina da Universidade do Minho (EM-UM). Sendo uma sec\u00e7\u00e3o aut\u00f3noma que administra um conjunto de meios de media, marca presen\u00e7a em v\u00e1rias redes sociais e atrav\u00e9s de publica\u00e7\u00f5es f\u00edsicas de texto, visando articular e interligar informa\u00e7\u00e3o\/ideias\/objetivos provenientes dos seus atuais parceiros [&hellip;]<\/p>\n","protected":false},"author":1,"featured_media":0,"parent":0,"menu_order":0,"comment_status":"closed","ping_status":"closed","template":"","meta":[],"jetpack_sharing_enabled":true,"_links":{"self":[{"href":"https:\/\/hajasaude.alumnimedicina.com\/index.php\/wp-json\/wp\/v2\/pages\/34"}],"collection":[{"href":"https:\/\/hajasaude.alumnimedicina.com\/index.php\/wp-json\/wp\/v2\/pages"}],"about":[{"href":"https:\/\/hajasaude.alumnimedicina.com\/index.php\/wp-json\/wp\/v2\/types\/page"}],"author":[{"embeddable":true,"href":"https:\/\/hajasaude.alumnimedicina.com\/index.php\/wp-json\/wp\/v2\/users\/1"}],"replies":[{"embeddable":true,"href":"https:\/\/hajasaude.alumnimedicina.com\/index.php\/wp-json\/wp\/v2\/comments?post=34"}],"version-history":[{"count":0,"href":"https:\/\/hajasaude.alumnimedicina.com\/index.php\/wp-json\/wp\/v2\/pages\/34\/revisions"}],"wp:attachment":[{"href":"https:\/\/hajasaude.alumnimedicina.com\/index.php\/wp-json\/wp\/v2\/media?parent=34"}],"curies":[{"name":"wp","href":"https:\/\/api.w.org\/{rel}","templated":true}]}}